13, what is 474 - 217?
25a
In base 6, what is 5054334 + 3?
5054341
In base 4, what is 222 + 1213?
2101
In base 14, what is -3 - -20935?
20932
In base 8, what is -14523 - 64?
-14607
In base 6, what is 34 + -520102?
-520024
In base 12, what is -8 + -3b05?
-3b11
In base 3, what is -21101010 + -21?
-21101101
In base 11, what is 205381 - -9?
20538a
In base 3, what is -10 + -10201222?
-10202002
In base 7, what is 1063 - -433?
1526
In base 13, what is 9c6 - -c5?
abb
In base 2, what is -101 - -10000000001001111?
10000000001001010
In base 6, what is -51423504 + 2?
-51423502
In base 10, what is -3 - 1552?
-1555
In base 2, what is 100000001010001111110 - 0?
100000001010001111110
In base 13, what is -240 + -286?
-4c6
In base 5, what is -311 + 1340221?
1334410
In base 11, what is a79 - 45?
a34
In base 2, what is 100010101 - 11111111001?
-11011100100
In base 3, what is -2212210122 - -21?
-2212210101
In base 3, what is -2012 - -10112001?
10102212
In base 10, what is -5745 + -1115?
-6860
In base 5, what is -11 - -13032?
13021
In base 9, what is 3054202 + 4?
3054206
In base 5, what is -34 + -1243242?
-1243331
In base 9, what is -250658 - 5?
-250664
In base 15, what is 387e + -2?
387c
In base 9, what is 6 - -6110?
6116
In base 5, what is 114142 - 2221?
111421
In base 14, what is -abdc + -14?
-ac12
In base 13, what is 3 + 174a?
1750
In base 7, what is 154 + 652?
1136
In base 11, what is 62 - 3a7?
-345
In base 3, what is 2211212 - -121020?
10110002
In base 14, what is -9d61d + -6?
-9d625
In base 9, what is -82 - -20543?
20451
In base 8, what is -56 - -5642?
5564
In base 11, what is -1178934 - -4?
-1178930
In base 4, what is -101 + 303122?
303021
In base 14, what is -44ddb + -1?
-44ddc
In base 9, what is 14 - -25285?
25310
In base 15, what is -115ea1 + 0?
-115ea1
In base 4, what is -131 + -3033131?
-3033322
In base 13, what is 285 + 2860?
2b15
In base 6, what is -2214 + -11532?
-14150
In base 7, what is 2441554 - -4?
2441561
In base 8, what is 2331 + 3?
2334
In base 12, what is 8811 - -4?
8815
In base 13, what is -4c + -5b6?
-635
In base 6, what is 1030341 - -10?
1030351
In base 15, what is 1c39b + -4?
1c397
In base 10, what is -266 + 21?
-245
In base 8, what is 417 + -3152?
-2533
In base 9, what is -2 + -87865?
-87867
In base 13, what is 26 - -18b?
1b4
In base 2, what is -101 + 10011010101011000000?
10011010101010111011
In base 12, what is 53 + 18aa?
1941
In base 5, what is -3131402 + -10?
-3131412
In base 10, what is 100048 + -10?
100038
In base 11, what is -46423 + -4?
-46427
In base 3, what is -2 - -211221202?
211221200
In base 4, what is -332110 - 12301?
-1011011
In base 3, what is -12010 - -111222?
22212
In base 10, what is -1 - -30943?
30942
In base 5, what is 12231 - 234?
11442
In base 15, what is 49 - -b9?
113
In base 3, what is 10201 - -2001220112?
2002001020
In base 11, what is 0 - 4367a?
-4367a
In base 2, what is -1001011100110001 - -10?
-1001011100101111
In base 5, what is -30200 - 202?
-30402
In base 10, what is -1000494 - -1?
-1000493
In base 8, what is 0 + -44613?
-44613
In base 12, what is -27977 - 1?
-27978
In base 11, what is 47 - -16?
62
In base 4, what is 1133 - 12220?
-11021
In base 5, what is -212340 + -23?
-212413
In base 4, what is -2 + 2100230?
2100222
In base 10, what is 42828 + -3?
42825
In base 13, what is -2 + 7b360?
7b35b
In base 7, what is -5440 - -32?
-5405
In base 10, what is 11015 + 3?
11018
In base 5, what is 33 - 344430?
-344342
In base 16, what is a5d5 - -12?
a5e7
In base 15, what is 1b - -16c5?
16e1
In base 12, what is -685048 - -1?
-685047
In base 11, what is -15744 - -18?
-15727
In base 13, what is 49 + 1241a?
12466
In base 8, what is 745550 - 1?
745547
In base 6, what is 2 - -122415?
122421
In base 4, what is -100 + -312031?
-312131
In base 4, what is 11 + 2311103?
2311120
In base 16, what is 3 - -ec1c?
ec1f
In base 4, what is -1230 - -322232?
321002
In base 13, what is 35 + 146a3?
14708
In base 5, what is 44102210 - 3?
44102202
In base 4, what is 300 - 13202?
-12302
In base 16, what is -417dd - -5?
-417d8
In base 15, what is -2ed6c - 4?
-2ed71
In base 3, what is 2011121110 - 0?
2011121110
In base 5, what is 1041022 - -12?
1041034
In base 3, what is 110011 + -2021022?
-1211011
In base 5, what is 10 - 2031330?
-2031320
In base 9, what is 21037 + 23?
21061
In base 15, what is -2b1b - -1d?
-2aed
In base 12, what is 3a0 + 72?
452
In base 14, what is -1 + -516c?
-516d
In base 13, what is 5022 - -95?
50b7
In base 6, what is -253022 + -12?
-253034
In base 16, what is 4 + -2920?
-291c
In base 8, what is -44 + 124007?
123743
In base 14, what is -1b45c - 1?
-1b45d
In base 13, what is 60 + 28?
88
In base 6, what is -11 + 113525?
113514
In base 15, what is 51e6d - 3?
51e6a
In base 16, what is -2e - 401?
-42f
In base 13, what is -44 - -2214c?
22108
In base 11, what is 1651 - -43?
1694
In base 3, what is -10022112 + -111200?
-10211012
In base 11, what is -79 + -2075?
-2143
In base 3, what is 1200021 - 2212011?
-1011220
In base 3, what is 11 + 100220000?
100220011
In base 15, what is -ab0 + 409?
-6a6
In base 12, what is -104 + 86a?
766
In base 14, what is -9248 - -2?
-9246
In base 14, what is -827d - -16?
-8267
In base 6, what is 32102103 + -5?
32102054
In base 7, what is 4 + -2421404?
-2421400
In base 5, what is 0 + -3040304?
-3040304
In base 11, what is 7408 - -a3?
7500
In base 9, what is 181174 + -3?
181171
In base 10, what is 39 - 20717?
-20678
In base 15, what is -757a + 1?
-7579
In base 6, what is -12020 - 10245?
-22305
In base 2, what is -101000 + 100011010001000?
100011001100000
In base 7, what is 23361 + 6?
23400
In base 16, what is -1d52f + -5?
-1d534
In base 13, what is -49cc9 + 0?
-49cc9
In base 13, what is 44 + -2ca96?
-2ca52
In base 15, what is 148a + 12b?
15b6
In base 5, what is -2 + 2012244?
2012242
In base 6, what is 313 - 1511?
-1154
In base 8, what is -10504 + -22?
-10526
In base 16, what is -825 - -1?
-824
In base 16, what is 2c70b + 0?
2c70b
In base 4, what is 1010001010 + 100?
1010001110
In base 4, what is -111 + 30010111?
30010000
In base 10, what is -898 - -977?
79
In base 16, what is 14d7c - 3?
14d79
In base 13, what is -4 + -1b9c89?
-1b9c90
In base 14, what is 2 - 9512?
-9510
In base 3, what is 10210120 - 212102?
2221011
In base 2, what is -11000 - 100101110?
-101000110
In base 6, what is -2023 + 30?
-1553
In base 13, what is -2850 - -56?
-27c7
In base 7, what is 10 + -464113?
-464103
In base 6, what is -1 + -1042512?
-1042513
In base 12, what is -3 + 13723?
13720
In base 13, what is 1 + -82c5?
-82c4
In base 14, what is 30541 - c?
30533
In base 13, what is 16952 - -1b?
16970
In base 15, what is 30 - -349?
379
In base 11, what is 0 + -822?
-822
In base 4, what is 210221120 - 20?
210221100
In base 8, what is 650007 - 4?
650003
In base 12, what is 7750 - 216?
7536
In base 5, what is -33121144 - 10?
-33121204
In base 6, what is -1 - -2005040?
2005035
In base 2, what is -101100001110110011 - 100?
-101100001110110111
In base 3, what is 201011220 + -100102?
200211111
In base 5, what is -2 - -130243401?
130243344
In base 7, what is -1622530 - 5?
-1622535
In base 2, what is 101 + 1011010110101010?
1011010110101111
In base 9, what is -60134 + -5?
-60140
In base 11, what is -37955a - -1?
-379559
In base 15, what is 17 - 1284?
-126c
In base 15, what is -2d - -1133?
1105
In base 4, what is -1111323 + 111?
-1111212
In base 2, what is -10000011100100001111010 - -10?
-10000011100100001111000
In base 7, what is -555 + 1400?
512
In base 8, what is 3160 + 32?
3212
In base 8, what is -56546 - 4?
-56552
In base 16, what is -b - 655dc?
-655e7
In base 2, what is 11111001 - -101101011101?
110001010110
In base 11, what is 4 - 49a7?
-49a3
In base 15, what is -85bb + -4?
-85c0
In base 8, what is -23 + -1542?
-1565
In base 3, what is 210 + 22010021?
22011001
In base 9, what is -510 + -143?
-653
In base 4, what is -11 - 1011110120?
-1011110131
In base 5, what is 113032320 + 4?
113032324
In base 12, what is 27178 + -16?
27162
In base 8, what is -24 - 266430?
-266454
In base 16, what is 2 - 59209?
-59207
In base 9, what is 6023 - 4?
6018
In base 7, what is 3043 + -61?
2652
In base 7, what is 4 + 2404250?
2404254
In base 14, what is 2 - -149843?
149845
In base 12, what is -12 + -991?
-9a3
In base 5, what is -2332303 - -2?
-2332301
In base